rime factors of w.
13, 43
Let y = -140 - -646. List the prime factors of y.
2, 11, 23
Suppose -6*l + 3574 - 316 = 0. List the prime factors of l.
3, 181
Suppose -4*f - f = -3*r - 557, -5*f = 10. Let d = 19 - r. List the prime factors of d.
2, 13
Let w(h) = h**2 + 11*h. Let x be w(-10). List the prime factors of ((-248)/10 - -6)/(2/x).
2, 47
Suppose -52*b + 19800 + 27260 = 0. List the prime factors of b.
5, 181
Let d = 1059 - -531. What are the prime factors of d?
2, 3, 5, 53
Let n(o) = 4*o**3 + 3*o**2 - 5*o - 11. Let f be n(4). Let x = -122 + f. What are the prime factors of x?
151
Suppose 21 = 6*y + 57. What are the prime factors of (528/18)/((-4)/y)?
2, 11
Let t(b) = -22*b - 15. Let z be t(4). Let k = 179 + z. What are the prime factors of k?
2, 19
Let h(j) = -78*j - 143. List the prime factors of h(-6).
5, 13
Let p be 15/(-25) + (-33)/(-5). Suppose -p*u = -u - 90. What are the prime factors of 106/9 - u/(-81)?
2, 3
Let w(b) = 2*b - 2. Let y(j) = -j + 2. Let i(o) = 5*w(o) - y(o). Let n be (-1)/(-1) + 1 + 4. What are the prime factors of i(n)?
2, 3
Let s be (-1 - -1*3)*25/10. Suppose c - s*q = 17, 2*q - 111 = -5*c + 28. What are the prime factors of c?
3
Suppose 662 = 3*c + 5*g, -6*g + 1100 = 5*c - g. List the prime factors of c.
3, 73
Suppose 4*s - 5139 = -n, n = s - 3*s + 2571. What are the prime factors of s?
2, 3, 107
Suppose 4*g + 14*g - 5040 = 0. What are the prime factors of g?
2, 5, 7
Let g(q) = q**2 + 12*q + 13. Let j be g(-11). Suppose 2*s + 60 = j*w, -5*w - 5*s + 122 = -2*w. Suppose 5*i - w = 131. What are the prime factors of i?
3, 11
Let k(o) = o + 4. Let r be k(-2). Suppose -r*a - 7*a = -2601. List the prime factors of a.
17
What are the prime factors of (-25975)/(-125) + (-4)/5?
3, 23
Let v(z) = z**2 + 7*z + 8. Let g be v(-5). List the prime factors of (122/18*3)/(g/(-12)).
2, 61
Suppose -548 = -2*w + 2*b, -5*b + 11 = -4. What are the prime factors of w?
277
Suppose -2842 = -3*u + 530. List the prime factors of u.
2, 281
Suppose 0 = -n + 3*f + 5228, 2*f - 3*f + 20899 = 4*n. What are the prime factors of n?
5, 11, 19
Let q = 86 - 78. List the prime factors of -7 + 81/12 - (-1346)/q.
2, 3, 7
Let g = 99 + -73. Let m be (-23)/(-2) - 4/(-8). Let j = g - m. List the prime factors of j.
2, 7
Let v = -4 + 7. Let y = 29 - v. List the prime factors of y.
2, 13
Let y(q) = 8*q**3 - 2*q**2 - q + 8. Let x be y(2). Suppose 2 = 3*a - 10. Suppose a*c - 88 = -4*n, -2*c + x = -0*n + 3*n. List the prime factors of n.
2, 3
Let q = 28 - 25. Suppose 0 = -q*f + 18 + 63. What are the prime factors of f?
3
Let n = 75 + -70. Suppose u + n*o - 178 = 0, 3*o - 477 - 391 = -5*u. List the prime factors of u.
173
Suppose p + 2 - 15 = -4*b, 5*b = 3*p + 12. Suppose b*t = 6*t - 132. List the prime factors of t.
2, 11
Let v(a) = -a + 5. Let j be v(3). Suppose 2*n - 10 = 3*p, 5*n - j*p - 2*p = 39. Suppose -n = -4*u + 1. What are the prime factors of u?
3
Let s(k) = -k**3 - k**2 + 3*k + 548. List the prime factors of s(0).
2, 137
Let g = 416 - -982. What are the prime factors of g?
2, 3, 233
Suppose -127 = -d - 4*a + 150, -1184 = -4*d + 3*a. Suppose -d = -3*s + 106. What are the prime factors of s?
7, 19
Let k = 31 + 233. Suppose k - 18 = 2*g. What are the prime factors of g?
3, 41
Let z = -84 + 302. Let u = z + -94. What are the prime factors of u?
2, 31
Suppose 5*d = 14*d - 3663. What are the prime factors of d?
11, 37
Let m be 2 + -1 + 1 - 2. Let j(y) = y**3 + 2. Let b be j(m). Suppose 0 = b*g + r - 56, -3*r = 4*g - 4*r - 118. List the prime factors of g.
29
Suppose -5*q + 14 + 28 = -3*y, 3*q - 14 = y. List the prime factors of 6/y - (-94)/7.
13
Let w(v) = -v - 12. Let k be w(-11). Let g be 1*k - (-10)/10. Suppose 2*d - 6*d + 84 = g. What are the prime factors of d?
3, 7
Let c(y) = 12*y**2 + 11 - 16*y + y + 21*y. List the prime factors of c(-5).
281
Let o = -646 + 928. List the prime factors of o.
2, 3, 47
Let l(n) = n**3 + 9*n**2. Let v be l(-9). Suppose 0 = -5*i + 5*p + 35, 0 = i - 5*p - v*p - 27. What are the prime factors of (-8 + 2)/i - -32?
29
Suppose 4*m + 3*i - 13028 = -i, 16289 = 5*m + 3*i. List the prime factors of m.
3259
Let t be ((27/(-6))/(2/(-20)))/(-1). Let h = -34 - t. List the prime factors of h.
11
Let q = -610 - -1570. What are the prime factors of q?
2, 3, 5
Let m = -6148 + 9853. List the prime factors of m.
3, 5, 13, 19
Let c(l) = l**2 - l - 1. Let h be c(-1). Let t be h/1 + -4 + 6. Suppose -29 = -4*j + t. List the prime factors of j.
2
Suppose 0 = 19*n - 27*n + 856. List the prime factors of n.
107
Let q = -32 - -48. Let u = q + 0. Suppose -u = 4*a, 2*v - 20 = -a - 2*a. What are the prime factors of v?
2
List the prime factors of (-16)/10 + 800340/150.
2, 3, 7, 127
Let n(j) be the third derivative of j**5/120 + j**4 + j**3/6 + 12*j**2. Let h(l) be the first derivative of n(l). List the prime factors of h(-16).
2
Suppose -72*d + 32552 = -20*d. List the prime factors of d.
2, 313
Let u be (-3)/((-7)/(714/18)). Let b = 2 - 0. Suppose q = -b + u. What are the prime factors of q?
3, 5
Let d(n) = 69*n - 366. What are the prime factors of d(34)?
2, 3, 5, 11
Let a = 11 - -795. What are the prime factors of a?
2, 13, 31
Suppose 3*t - 5*w = -26, 0*t + w = t + 8. Let m = 12 + t. Suppose -2*h - 6 = -y + 28, m*y + 2*h = 182. List the prime factors of y.
2, 3
Let q(w) = 1 + 1 - w + 2*w. Let z be q(10). List the prime factors of 14/z*(-24)/(-4).
7
Let c be (63/2)/((-9)/12). Let y be (1/(-1))/(1/(-71)). Let g = c + y. List the prime factors of g.
29
Suppose -3*y = -3*k - 16671, 4*y = 2*y + 4*k + 11104. What are the prime factors of y?
2, 3, 103
List the prime factors of (-2 - 0)/(1*(-1)/55).
2, 5, 11
Let s = 1048 + -710. What are the prime factors of s?
2, 13
Let n(b) = 8*b - 1. Let u be n(-5). Let r = u - -72. What are the prime factors of r?
31
Let k(c) = -c**2 + c. Let a be k(0). Let d = -41 - -50. Let f = d - a. What are the prime factors of f?
3
Suppose -4*s + 7984 = 1832. What are the prime factors of (-22)/143 + s/26?
59
List the prime factors of 3 - 2264*-1*9/6.
3, 11, 103
Let w(j) = j**3 + 2*j**2 - 28*j + 42. List the prime factors of w(11).
1307
Let k be (-46)/(-6) - 3/(-9). Let g = 287 - 277. Let f = g - k. What are the prime factors of f?
2
List the prime factors of (0 - 150)/(-3) + 0.
2, 5
Let a(l) = -26*l - 413. What are the prime factors of a(-16)?
3
Let u be -5*(1 - 9/5). Suppose -u*z + z = 0. Suppose z = -5*i + 7*i - 16. List the prime factors of i.
2
Suppose 1641 = 8*b - 327. List the prime factors of b.
2, 3, 41
Suppose 5*n + 1 = -5*i + n, -3*n = 5*i - 3. Let f = 1 + i. Suppose -2*z - 105 = -5*t + z, 0 = -f*t - 3*z + 111. List the prime factors of t.
2, 3
Let h(m) = -m**2 + 14*m + 31. Let p be h(16). Let a(r) = -109*r**3 - r**2 + r + 1. List the prime factors of a(p).
2, 3
Suppose -d - 4*r + 12 = -2*d, 4*d = 4*r. Suppose -2*o - 42 = -2*m, -o - o + 114 = d*m. What are the prime factors of m?
2, 13
Let x = -644 + 1009. What are the prime factors of x?
5, 73
Suppose 8 = 4*y, 3*y - 862 = 3*t - 2*y. Let w = -166 - t. List the prime factors of w.
2, 59
Suppose -7501 = -5*p - x, 5*p - 9*x = -4*x + 7525. What are the prime factors of p?
19, 79
Let m(o) = -o**3 - 14*o**2 - 8*o + 18. Let f be m(-13). Let n = f + 29. List the prime factors of (52/6)/((-6)/n).
2, 13
Let w(p) = -3 + 0 - 3 - 10*p**2 - p**3 + 17*p - 2. What are the prime factors of w(-12)?
2, 19
Suppose -2*f = -85 + 11. Let r = f - 14. List the prime factors of r.
23
Suppose -1173 = -3*o + 2*f, o + 5*f = -2*o + 1152. What are the prime factors of o?
389
Let w be -84*((-21)/12)/1. Suppose 2*m - 526 = -5*y, 3*y = -4*m + w + 177. List the prime factors of y.
2, 13
Suppose -5*g + 710 = -4*g - p, -5*g = 3*p - 3550. What are the prime factors of g?
2, 5, 71
Suppose -4*i - 2*r = -1342 + 136, 2 = 2*r. What are the prime factors of i?
7, 43
Let r = 2050 - 1723. What are the prime factors of r?
3, 109
Suppose 9*d - 3120 = d. What are the prime factors of d?
2, 3, 5, 13
Suppose -8784 + 336 = -22*n. What are the prime factors of n?
2, 3
Let a(r) = -r**3 + 4*r + 6. Let o = -39 - -37. List the prime factors of a(o).
2, 3
Let z(o) = 848*o**2 - 13*o + 12. List the prime factors of z(1).
7, 11
Let b(s) = -34*s - 3. Let t be b(-2). Let x = -40 + t. List the prime factors of x.
5
Let p(h) = -2*h**2 